{"id":18,"date":"2014-01-13T02:54:45","date_gmt":"2014-01-13T02:54:45","guid":{"rendered":"http:\/\/www.aaltaan.com\/w\/?page_id=18"},"modified":"2023-03-13T17:21:12","modified_gmt":"2023-03-13T23:21:12","slug":"quienes-somos","status":"publish","type":"page","link":"https:\/\/www.aaltaan.com\/w\/quienes-somos\/","title":{"rendered":"Qui\u00e9nes somos"},"content":{"rendered":"<p><b><img decoding=\"async\" loading=\"lazy\" class=\"alignnone size-full wp-image-3238\" src=\"http:\/\/www.aaltaan.com\/w\/wp-content\/uploads\/2014\/01\/crear_valor.jpg\" alt=\"\" width=\"1400\" height=\"460\" srcset=\"https:\/\/www.aaltaan.com\/w\/wp-content\/uploads\/2014\/01\/crear_valor.jpg 1400w, https:\/\/www.aaltaan.com\/w\/wp-content\/uploads\/2014\/01\/crear_valor-300x99.jpg 300w, https:\/\/www.aaltaan.com\/w\/wp-content\/uploads\/2014\/01\/crear_valor-768x252.jpg 768w, https:\/\/www.aaltaan.com\/w\/wp-content\/uploads\/2014\/01\/crear_valor-1024x336.jpg 1024w\" sizes=\"(max-width: 1400px) 100vw, 1400px\" \/><\/b><\/p>\n<h5>Somos una agencia de publicidad con enfoque en mercadotecnia estrat\u00e9gica.<\/h5>\n<h5>Contamos con amplia experiencia en soluciones digitales.<\/h5>\n<h5>M\u00e1s de <strong>20 a\u00f1os respaldan<\/strong> nuestro trabajo.<\/h5>\n<h5>Somos un grupo de profesionales ocupados en integrar servicios que aporten alto valor a las estrategias de nuestros clientes.<\/h5>\n<h5>Somos Mexicanos entusiasmados por los retos demandados en el mercado, interesados en crear soluciones innovadoras.<\/h5>\n","protected":false},"excerpt":{"rendered":"<p>Somos una agencia de publicidad con enfoque en mercadotecnia estrat\u00e9gica. Contamos con amplia experiencia en soluciones digitales. M\u00e1s de 20 a\u00f1os respaldan nuestro trabajo. Somos un grupo de profesionales ocupados en integrar servicios que aporten alto valor a las estrategias&hellip; <\/p>\n","protected":false},"author":1,"featured_media":3238,"parent":0,"menu_order":0,"comment_status":"closed","ping_status":"closed","template":"","meta":[],"_links":{"self":[{"href":"https:\/\/www.aaltaan.com\/w\/wp-json\/wp\/v2\/pages\/18"}],"collection":[{"href":"https:\/\/www.aaltaan.com\/w\/wp-json\/wp\/v2\/pages"}],"about":[{"href":"https:\/\/www.aaltaan.com\/w\/wp-json\/wp\/v2\/types\/page"}],"author":[{"embeddable":true,"href":"https:\/\/www.aaltaan.com\/w\/wp-json\/wp\/v2\/users\/1"}],"replies":[{"embeddable":true,"href":"https:\/\/www.aaltaan.com\/w\/wp-json\/wp\/v2\/comments?post=18"}],"version-history":[{"count":13,"href":"https:\/\/www.aaltaan.com\/w\/wp-json\/wp\/v2\/pages\/18\/revisions"}],"predecessor-version":[{"id":19667,"href":"https:\/\/www.aaltaan.com\/w\/wp-json\/wp\/v2\/pages\/18\/revisions\/19667"}],"wp:featuredmedia":[{"embeddable":true,"href":"https:\/\/www.aaltaan.com\/w\/wp-json\/wp\/v2\/media\/3238"}],"wp:attachment":[{"href":"https:\/\/www.aaltaan.com\/w\/wp-json\/wp\/v2\/media?parent=18"}],"curies":[{"name":"wp","href":"https:\/\/api.w.org\/{rel}","templated":true}]}}